{"id":1367,"date":"2025-11-11T21:54:48","date_gmt":"2025-11-12T00:54:48","guid":{"rendered":"https:\/\/isfdyt126-bue.infd.edu.ar\/sitio\/?page_id=1367"},"modified":"2025-11-11T21:54:50","modified_gmt":"2025-11-12T00:54:50","slug":"profesorado-de-educacion-primaria","status":"publish","type":"page","link":"https:\/\/isfdyt126-bue.infd.edu.ar\/sitio\/profesorado-de-educacion-primaria\/","title":{"rendered":"Profesorado de Educaci\u00f3n Primaria"},"content":{"rendered":"\n<p>El futuro docente de educaci\u00f3n primaria se forma para convertirse en un profesional capaz de comprender la complejidad del acto educativo y de asumir un compromiso \u00e9tico y social con su comunidad. Desarrolla la competencia de ense\u00f1ar con sentido cr\u00edtico, reflexionando sobre su pr\u00e1ctica y tomando decisiones fundamentadas que favorezcan el aprendizaje de todos los estudiantes. Es un educador que valora la diversidad, promueve la inclusi\u00f3n y busca generar condiciones de igualdad en el aula. Posee la capacidad de planificar, conducir y evaluar procesos de ense\u00f1anza desde una mirada integral, considerando las dimensiones cognitivas, afectivas y sociales del aprendizaje. Adem\u00e1s, se prepara para trabajar en equipo, participar activamente en proyectos institucionales y contribuir al mejoramiento de la escuela y del sistema educativo. Su formaci\u00f3n le permite articular los saberes pedag\u00f3gicos con los contenidos disciplinares, utilizar recursos tecnol\u00f3gicos y estrategias innovadoras, y mantener una actitud de aprendizaje permanente que le permita adaptarse a los cambios y desaf\u00edos de la educaci\u00f3n contempor\u00e1nea. En s\u00edntesis, el docente egresado del profesorado es un profesional comprometido con la formaci\u00f3n de ciudadanos cr\u00edticos, responsables y solidarios, capaz de ense\u00f1ar con sensibilidad, creatividad y rigor pedag\u00f3gico.<\/p>\n","protected":false},"excerpt":{"rendered":"<p>El futuro docente de educaci\u00f3n primaria se forma para convertirse en un profesional capaz de comprender la complejidad del acto educativo y de asumir un compromiso \u00e9tico y social con su comunidad. Desarrolla la competencia de ense\u00f1ar con sentido cr\u00edtico, reflexionando sobre su pr\u00e1ctica y tomando decisiones fundamentadas que favorezcan el aprendizaje de todos los &#8230; <a title=\"Profesorado de Educaci\u00f3n Primaria\" class=\"read-more\" href=\"https:\/\/isfdyt126-bue.infd.edu.ar\/sitio\/profesorado-de-educacion-primaria\/\" aria-label=\"More on Profesorado de Educaci\u00f3n Primaria\">[+]<\/a><\/p>\n","protected":false},"author":43,"featured_media":0,"parent":0,"menu_order":0,"comment_status":"closed","ping_status":"closed","template":"","meta":[],"acf":[],"_links":{"self":[{"href":"https:\/\/isfdyt126-bue.infd.edu.ar\/sitio\/wp-json\/wp\/v2\/pages\/1367"}],"collection":[{"href":"https:\/\/isfdyt126-bue.infd.edu.ar\/sitio\/wp-json\/wp\/v2\/pages"}],"about":[{"href":"https:\/\/isfdyt126-bue.infd.edu.ar\/sitio\/wp-json\/wp\/v2\/types\/page"}],"author":[{"embeddable":true,"href":"https:\/\/isfdyt126-bue.infd.edu.ar\/sitio\/wp-json\/wp\/v2\/users\/43"}],"replies":[{"embeddable":true,"href":"https:\/\/isfdyt126-bue.infd.edu.ar\/sitio\/wp-json\/wp\/v2\/comments?post=1367"}],"version-history":[{"count":1,"href":"https:\/\/isfdyt126-bue.infd.edu.ar\/sitio\/wp-json\/wp\/v2\/pages\/1367\/revisions"}],"predecessor-version":[{"id":1370,"href":"https:\/\/isfdyt126-bue.infd.edu.ar\/sitio\/wp-json\/wp\/v2\/pages\/1367\/revisions\/1370"}],"wp:attachment":[{"href":"https:\/\/isfdyt126-bue.infd.edu.ar\/sitio\/wp-json\/wp\/v2\/media?parent=1367"}],"curies":[{"name":"wp","href":"https:\/\/api.w.org\/{rel}","templated":true}]}}