{"id":1362,"date":"2025-11-11T21:35:27","date_gmt":"2025-11-12T00:35:27","guid":{"rendered":"https:\/\/isfdyt126-bue.infd.edu.ar\/sitio\/?page_id=1362"},"modified":"2025-11-11T21:35:29","modified_gmt":"2025-11-12T00:35:29","slug":"tecnicatura-superior-enacompanamiento-terapeutico","status":"publish","type":"page","link":"https:\/\/isfdyt126-bue.infd.edu.ar\/sitio\/tecnicatura-superior-enacompanamiento-terapeutico\/","title":{"rendered":"TECNICATURA SUPERIOR ENACOMPA\u00d1AMIENTO TERAP\u00c9UTICO"},"content":{"rendered":"\n<p><strong>NIVEL: SUPERIOR<br>MODALIDAD: PRESENCIAL<br>CANTIDAD DE HORAS: 1600 HORAS RELOJ<\/strong><\/p>\n\n\n\n<p><strong>PERFIL PROFESIONAL DEL T\u00c9CNICO SUPERIOR EN ACOMPA\u00d1AMIENTO TERAP\u00c9UTICO<\/strong><\/p>\n\n\n\n<p><br><strong>COMPETENCIA GENERAL<br><\/strong>EI T\u00c9CNICO SUPERIOR EN ACOMPA\u00d1AMIENTO TERAP\u00c9UTICO es un profesional del campo de la<br>salud mental, que interviene en el abordaje de las personas con padecimientos mentales, en el<br>marco de la indicaci\u00f3n de un equipo interdisciplinario (o en su defecto, de un profesional<br>tratante), operando como coordinador de otros acompa\u00f1antes terap\u00e9uticos para facilitar<br>mediar en la rehabilitaci\u00f3n, la prevenci\u00f3n de posibles reca\u00eddas, la identificaci\u00f3n y anticipaci\u00f3n<br>de situaciones de riesgo, y en la vinculaci\u00f3n social de las personas con padecimientos<br>mentales.<br>Procura una intervenci\u00f3n -tanto propia, como de otros acompa\u00f1antes terap\u00e9uticos- a trav\u00e9s de<br>diversos modelos de abordaje, tendientes a promover los enfoques ambulatorios en<br>problem\u00e1ticas psicopatol\u00f3gicas, y ante situaciones de crisis y emergencia clinica, en el<br>contexto de un trabajo interdisciplinario.<br>Participa en el dise\u00f1o, implementaci\u00f3n y evaluaci\u00f3n de estrategias de contenci\u00f3n emocional de<br>la persona con padecimiento mental y su familia, en los \u00e1mbitos institucionales y\/o habituales<br>de convivencia, en los cuidados cotidianos y actividades de la vida diaria, como integrante de<br>un equipo interdisciplinario.<br>Orienta a otros acompa\u00f1antes terap\u00e9uticos respecto de la selecci\u00f3n e implementaci\u00f3n de<br>estrategias terap\u00e9uticas, tendientes a favorecer el arraigo en su hogar o instituci\u00f3n y preservar<br>sus actividades laborales, educativas y recreativas usuales.<br>Asesora a los acompa\u00f1antes terap\u00e9uticos sobre las actividades orientadas a la recuperaci\u00f3n de<br>la identidad, el auto valimiento, la organizaci\u00f3n del tiempo y la integraci\u00f3n social, formando<br>parte de las estrategias terap\u00e9uticas interdisciplinarias desde su actividad especifica, para<br>colaborar en el dise\u00f1o de acciones y programas.<br>Coordina las actividades de acompa\u00f1amiento terap\u00e9utico por medio de la organizaci\u00f3n de<br>informaci\u00f3n y actividades que faciliten la labor del equipo interdisciplinario.<br>Su formaci\u00f3n le permite sistematizar y organizar la tarea de acompa\u00f1amiento terap\u00e9utico, y<br>actuar interdisciplinariamente, con profesionales de diferente nivel de calificaci\u00f3n,<br>eventualmente involucrados en su actividad, lo que le posibilita compartir la problem\u00e1tica<br>especifica con el resto del equipo de salud, con una actitud \u00e9tica, responsable y comprometida.<br>Valora las posibilidades transformadoras de su pr\u00e1ctica, en el marco de los principios \u00e9ticos y<br>legales que rigen su rol como T\u00e9cnico Superior en Acompa\u00f1amiento Terap\u00e9utico, analizando<br>los condicionamientos hist\u00f3ricos, sociales y pol\u00edticos que caracterizan la realidad del sistema de<br>salud, en el marco de los fundamentos sociales y cientificos de su profesi\u00f3n.<\/p>\n\n\n\n<p><strong>\u00c1REA OCUPACIONAL<br><\/strong>EI Tecnico desarrollar\u00e1 su ejercicio como<br>profesional en los siguientes \u00e1mbitos, seg\u00fan el marco legal vigente.<br>Intervendr\u00e1 en diversos modelos de abordaje, integrando y coordinando la labor de otros<br>Acompa\u00f1antes Terap\u00e9uticos dentro de grupos de trabajo, a fin de desarrollar su actividad,<br>coordinar acciones comunes, y participar en el dise\u00f1o, implementaci\u00f3n y evaluaci\u00f3n de<br>procesos de capacitaci\u00f3n, tendient\u00e9s a la Educaci\u00f3n Permanente en Salud, como parte de un<br>trabajo interdisciplinario. Asimismo, podr\u00e1 desempe\u00f1arse en:<br>*Instituciones de salud y\/o educaci\u00f3n. Instituciones de atenci\u00f3n de la salud mental y<br>adicciones con o sin dispositivo de internaci\u00f3n.<br>*Residenciales (geri\u00e1tricos, hogares de ni\u00f1os y adolescentes), Centro Educativo<br>Terap\u00e9utico. Hospitales y Centros de d\u00eda.                                                                                                                                                             *Centros de asistencia en cat\u00e1strofes.<br>*Centros de tratamiento de patolog\u00edas de consumo y adicciones.<br><\/p>\n","protected":false},"excerpt":{"rendered":"<p>NIVEL: SUPERIORMODALIDAD: PRESENCIALCANTIDAD DE HORAS: 1600 HORAS RELOJ PERFIL PROFESIONAL DEL T\u00c9CNICO SUPERIOR EN ACOMPA\u00d1AMIENTO TERAP\u00c9UTICO COMPETENCIA GENERALEI T\u00c9CNICO SUPERIOR EN ACOMPA\u00d1AMIENTO TERAP\u00c9UTICO es un profesional del campo de lasalud mental, que interviene en el abordaje de las personas con padecimientos mentales, en elmarco de la indicaci\u00f3n de un equipo interdisciplinario (o en su defecto, &#8230; <a title=\"TECNICATURA SUPERIOR ENACOMPA\u00d1AMIENTO TERAP\u00c9UTICO\" class=\"read-more\" href=\"https:\/\/isfdyt126-bue.infd.edu.ar\/sitio\/tecnicatura-superior-enacompanamiento-terapeutico\/\" aria-label=\"More on TECNICATURA SUPERIOR ENACOMPA\u00d1AMIENTO TERAP\u00c9UTICO\">[+]<\/a><\/p>\n","protected":false},"author":43,"featured_media":0,"parent":0,"menu_order":0,"comment_status":"closed","ping_status":"closed","template":"","meta":[],"acf":[],"_links":{"self":[{"href":"https:\/\/isfdyt126-bue.infd.edu.ar\/sitio\/wp-json\/wp\/v2\/pages\/1362"}],"collection":[{"href":"https:\/\/isfdyt126-bue.infd.edu.ar\/sitio\/wp-json\/wp\/v2\/pages"}],"about":[{"href":"https:\/\/isfdyt126-bue.infd.edu.ar\/sitio\/wp-json\/wp\/v2\/types\/page"}],"author":[{"embeddable":true,"href":"https:\/\/isfdyt126-bue.infd.edu.ar\/sitio\/wp-json\/wp\/v2\/users\/43"}],"replies":[{"embeddable":true,"href":"https:\/\/isfdyt126-bue.infd.edu.ar\/sitio\/wp-json\/wp\/v2\/comments?post=1362"}],"version-history":[{"count":1,"href":"https:\/\/isfdyt126-bue.infd.edu.ar\/sitio\/wp-json\/wp\/v2\/pages\/1362\/revisions"}],"predecessor-version":[{"id":1365,"href":"https:\/\/isfdyt126-bue.infd.edu.ar\/sitio\/wp-json\/wp\/v2\/pages\/1362\/revisions\/1365"}],"wp:attachment":[{"href":"https:\/\/isfdyt126-bue.infd.edu.ar\/sitio\/wp-json\/wp\/v2\/media?parent=1362"}],"curies":[{"name":"wp","href":"https:\/\/api.w.org\/{rel}","templated":true}]}}