{"id":1352,"date":"2025-11-11T21:22:39","date_gmt":"2025-11-12T00:22:39","guid":{"rendered":"https:\/\/isfdyt126-bue.infd.edu.ar\/sitio\/?page_id=1352"},"modified":"2025-11-11T21:22:41","modified_gmt":"2025-11-12T00:22:41","slug":"tecnicatura-superioren-gestion-de-energias-renovables","status":"publish","type":"page","link":"https:\/\/isfdyt126-bue.infd.edu.ar\/sitio\/tecnicatura-superioren-gestion-de-energias-renovables\/","title":{"rendered":"TECNICATURA SUPERIOREN GESTI\u00d3N DE ENERG\u00cdAS RENOVABLES"},"content":{"rendered":"\n<p><strong>Sector de actividad socio-productiva: Energ\u00eda<br>Familia profesional: Energ\u00eda\/Energ\u00eda El\u00e9ctrica<br>Variante: Diversificada<br>Modalidad: Presencial<br>Carga horaria: 1600 Horas<\/strong><\/p>\n\n\n\n<p><strong>PERFIL PROFESIONAL<\/strong><\/p>\n\n\n\n<p><strong> Alcance del Perfil Profesional<br><\/strong>La\/el T\u00e9cnica\/o Superior en Gesti\u00f3n de Energ\u00edas Renovables estar\u00e1<br>capacitado\/a para analizar los recursos energ\u00e9ticos renovables posibles, proponer la<br>utilizaci\u00f3n de distintos sistemas de aprovechamiento de los mismos, evaluar su<br>viabilidad y dise\u00f1ar proyectos que respondan a las necesidades aplicando y haciendo<br>aplicar las normas de calidad, seguridad y protecci\u00f3n del medio ambiente.<br>Dentro de sus funciones podr\u00e1 proyectar y dise\u00f1ar equipos e instalaciones de<br>energ\u00edas renovables (ER), desarrollar prototipos para aplicaciones en<br>emprendimientos de ER instalaciones y aprovechamiento de ER, as\u00ed como tambi\u00e9n<br>verificar e interpretar ensayos de equipos o instalaciones de ER. Por su formaci\u00f3n,<br>tambi\u00e9n podr\u00e1 comercializar, asesorar y peritar equipos e instalaciones de ER<br>manifestando conocimientos, habilidades, destrezas, valores y actitudes conforme a<br>criterios de profesionalidad propios de su \u00e1rea y responsabilidad social.<br>Los alcances de su perfil comprenden \u00e1mbitos o \u00e1reas vinculadas a: producci\u00f3n,<br>laboratorios, investigaci\u00f3n, mantenimiento, desarrollos t\u00e9cnicos comerciales, gesti\u00f3n y<br>comercializaci\u00f3n, pudiendo desarrollar sus funciones en relaci\u00f3n de dependencia o en<br>forma independiente.<br>La\/el T\u00e9cnica\/o Superior tendr\u00e1 la capacidad para interpretar las definiciones<br>estrat\u00e9gicas surgidas de los estamentos t\u00e9cnicos y jer\u00e1rquicos pertinentes, gestionar<br>sus actividades espec\u00edficas, supervisar y coordinar grupos de trabajo, supervisar y<br>controlar la totalidad de las actividades requeridas hasta su efectiva concreci\u00f3n,<br>teniendo en cuenta los criterios de seguridad, impacto ambiental, uso responsable y<br>eficiencia energ\u00e9tica, calidad y productividad.<\/p>\n\n\n\n<p><strong>\u00c1REA OCUPACIONAL<br><\/strong>La\/el T\u00e9cnica\/o Superior en Gesti\u00f3n de Energ\u00edas Renovables podr\u00e1 ejercer sus<br>funciones profesionales desempe\u00f1\u00e1ndose por cuenta propia como responsable de la<br>prestaci\u00f3n de servicios profesionales de sistemas de energ\u00eda renovables, en<br>emprendimientos de terceros o empresas que comercialicen equipos, instalaciones o<br>sistemas de ER independientes o vinculados a otros sistemas de energ\u00eda. Podr\u00e1<br>cumplir todas o algunas de las funciones definidas por su perfil profesional en<br>diferentes contextos de acuerdo con los proyectos, en \u00e1mbitos locales, regionales o<br>nacionales.<br>Tambi\u00e9n podr\u00e1 desempe\u00f1arse en relaci\u00f3n de dependencia en comercios,<br>industrias o empresas del \u00e1mbito privado o p\u00fablico que requieran de estos servicios<br>profesionales. En estos casos, podr\u00e1 supervisar y coordinar o bien integrar un equipo<br>de trabajo en un \u00e1rea espec\u00edfica, seg\u00fan la complejidad de la estructura jer\u00e1rquica y el<br>tipo de servicio a desarrollar, entre ellos: comercializaci\u00f3n, instalaci\u00f3n, ensayos,<br>control de calidad y mantenimiento, entre otros.<br>Las principales \u00e1reas ocupacionales en las cuales la\/el t\u00e9cnica\/o estar\u00e1<br>capacitada\/o para su desempe\u00f1o pueden agruparse de la siguiente forma:<br>* Industrias de peque\u00f1a, mediana o gran envergadura.<br>* Organizaciones de Generaci\u00f3n, Transporte y de Distribuci\u00f3n de energ\u00eda.<br>* Organizaciones de Telecomunicaciones.<br>* Organizaciones de Construcci\u00f3n y\/o estudios de arquitectura.<br>* Consultoras Energ\u00e9ticas y\/o Ambientales.<br>* Establecimientos o Cooperativas Agropecuarias<\/p>\n","protected":false},"excerpt":{"rendered":"<p>Sector de actividad socio-productiva: Energ\u00edaFamilia profesional: Energ\u00eda\/Energ\u00eda El\u00e9ctricaVariante: DiversificadaModalidad: PresencialCarga horaria: 1600 Horas PERFIL PROFESIONAL Alcance del Perfil ProfesionalLa\/el T\u00e9cnica\/o Superior en Gesti\u00f3n de Energ\u00edas Renovables estar\u00e1capacitado\/a para analizar los recursos energ\u00e9ticos renovables posibles, proponer lautilizaci\u00f3n de distintos sistemas de aprovechamiento de los mismos, evaluar suviabilidad y dise\u00f1ar proyectos que respondan a las necesidades aplicando &#8230; <a title=\"TECNICATURA SUPERIOREN GESTI\u00d3N DE ENERG\u00cdAS RENOVABLES\" class=\"read-more\" href=\"https:\/\/isfdyt126-bue.infd.edu.ar\/sitio\/tecnicatura-superioren-gestion-de-energias-renovables\/\" aria-label=\"More on TECNICATURA SUPERIOREN GESTI\u00d3N DE ENERG\u00cdAS RENOVABLES\">[+]<\/a><\/p>\n","protected":false},"author":43,"featured_media":0,"parent":0,"menu_order":0,"comment_status":"closed","ping_status":"closed","template":"","meta":[],"acf":[],"_links":{"self":[{"href":"https:\/\/isfdyt126-bue.infd.edu.ar\/sitio\/wp-json\/wp\/v2\/pages\/1352"}],"collection":[{"href":"https:\/\/isfdyt126-bue.infd.edu.ar\/sitio\/wp-json\/wp\/v2\/pages"}],"about":[{"href":"https:\/\/isfdyt126-bue.infd.edu.ar\/sitio\/wp-json\/wp\/v2\/types\/page"}],"author":[{"embeddable":true,"href":"https:\/\/isfdyt126-bue.infd.edu.ar\/sitio\/wp-json\/wp\/v2\/users\/43"}],"replies":[{"embeddable":true,"href":"https:\/\/isfdyt126-bue.infd.edu.ar\/sitio\/wp-json\/wp\/v2\/comments?post=1352"}],"version-history":[{"count":1,"href":"https:\/\/isfdyt126-bue.infd.edu.ar\/sitio\/wp-json\/wp\/v2\/pages\/1352\/revisions"}],"predecessor-version":[{"id":1355,"href":"https:\/\/isfdyt126-bue.infd.edu.ar\/sitio\/wp-json\/wp\/v2\/pages\/1352\/revisions\/1355"}],"wp:attachment":[{"href":"https:\/\/isfdyt126-bue.infd.edu.ar\/sitio\/wp-json\/wp\/v2\/media?parent=1352"}],"curies":[{"name":"wp","href":"https:\/\/api.w.org\/{rel}","templated":true}]}}