{"id":1347,"date":"2025-11-11T21:17:29","date_gmt":"2025-11-12T00:17:29","guid":{"rendered":"https:\/\/isfdyt126-bue.infd.edu.ar\/sitio\/?page_id=1347"},"modified":"2025-11-11T21:17:32","modified_gmt":"2025-11-12T00:17:32","slug":"tecnicatura-superior-en-administracion-de-pymes","status":"publish","type":"page","link":"https:\/\/isfdyt126-bue.infd.edu.ar\/sitio\/tecnicatura-superior-en-administracion-de-pymes\/","title":{"rendered":"TECNICATURA SUPERIOR EN ADMINISTRACI\u00d3N DE PYMES"},"content":{"rendered":"\n<p><strong>Sector de actividad socio-productiva: Administraci\u00f3n<br>Familia profesional: Administraci\u00f3n<br>Variante: Diversificada<br>Modalidad: Presencial<br>Carga horaria de cursado: 1824 Horas<\/strong><\/p>\n\n\n\n<p><strong>PERFIL PROFESIONAL<br> Alcance del Perfil Profesional<br><\/strong>La\/El T\u00e9cnica\/o Superior en Administraci\u00f3n de PYMES estar\u00e1 capacitada\/o para<br>desarrollar procesos t\u00e9cnico espec\u00edficos en planeamiento, organizaci\u00f3n, gesti\u00f3n, y control<br>de los sistemas y \u00e1reas comerciales, operacionales de producci\u00f3n, econ\u00f3micofinancieras, de recursos humanos, sistemas de informaci\u00f3n y sistemas de toma de decisiones estrat\u00e9gicas de las empresas, en forma interna y externa, presencial y remota,<br>en interacci\u00f3n con el entorno. Estas capacidades ser\u00e1n desarrolladas seg\u00fan las incumbencias y las normas t\u00e9cnicas y legales que rigen su campo profesional. Estar\u00e1 capacitada\/o, adem\u00e1s, para ejercer habilidades transversales del campo de la comunicaci\u00f3n, la gesti\u00f3n de los conflictos que promuevan una buena convivencia en los equipos de trabajo, la gesti\u00f3n de la informaci\u00f3n y tecnolog\u00eda, el pensamiento cr\u00edtico, la innovaci\u00f3n y el aprendizaje, el compromiso social y ambiental, y la \u00e9tica profesional.<\/p>\n\n\n\n<p><strong>AREA OCUPACIONAL<br><\/strong>La\/El T\u00e9cnica\/o Superior en Administraci\u00f3n de PYMES podr\u00e1 insertarse en<br>organizaciones p\u00fablicas o privadas, independientemente del tama\u00f1o, sector, naturaleza y<br>complejidad. Podr\u00e1 desempe\u00f1ar sus tareas espec\u00edficas otorg\u00e1ndole valor social a la<br>comunidad con eficacia, eficiencia, efectividad y desde una perspectiva sustentable. Est\u00e1<br>preparada\/o para desarrollar sus funciones basado en la convicci\u00f3n de actualizaci\u00f3n<br>permanente, realizar capacitaciones, llevar adelante experiencias y desarrollar<br>capacidades intelectuales, psicol\u00f3gicas, sociales y \u00e9ticas que comenzaron desde el inicio<br>en la trayectoria acad\u00e9mica.<br>La\/el egresada\/o est\u00e1 preparada\/o para resolver situaciones y llevar adelante las<br>cuatro funciones administrativas en cualquier \u00e1rea organizacional: planificar, organizar,<br>dirigir y controlar, tanto como asesor y\/o ejecutor externo o interno. Podr\u00e1 implementar e<br>incorporar t\u00e9cnicas innovadoras de gesti\u00f3n, evaluaci\u00f3n y control de tareas<br>administrativas, implementar programas de mejoras; asistir en la elaboraci\u00f3n y ejecuci\u00f3n<br>de proyectos espec\u00edficos de aplicaci\u00f3n responsable, colaborar en desarrollo e<br>implementaci\u00f3n de soluciones como favorecer la reconfiguraci\u00f3n de v\u00ednculos y relaciones<br>mediante un trabajo coordinado, en equipo y de interrelaci\u00f3n con otros sectores,<br>incorporando a nuevos actores clave en las actividades de proyecto, dise\u00f1o y gesti\u00f3n<br>conjuntas.<br>Podr\u00e1 as\u00ed, participar en aspectos estrat\u00e9gicos y en la toma de decisiones seg\u00fan<br>requiera la empresa u organizaci\u00f3n de desempe\u00f1o. La\/el graduado tambi\u00e9n cuenta con<br>herramientas para elaborar pautas e insumos necesarios para que el administrador<br>eval\u00fae, planifique y ejecute pol\u00edticas a implementar en el sector de aplicaci\u00f3n y \/o para la<br>correcta gesti\u00f3n y organizaci\u00f3n, con una visi\u00f3n interdisciplinaria con esp\u00edritu de liderazgo,<br>creatividad y adaptaci\u00f3n a las condiciones sociales fluctuantes.<br>Podr\u00e1 ejercer funciones en cargos o puestos de departamentos t\u00e9cnicos y de<br>gesti\u00f3n, en la administraci\u00f3n de recursos humanos, dentro de entidades y organizaciones<br>de diverso tipo. Asimismo, podr\u00e1 integrar instituciones de la comunidad, de bien p\u00fablico,<br>organizaciones gremiales, c\u00e1maras de comercio o de empresas y emprendimientos de la<br>econom\u00eda social como cooperativas. Dentro del sector privado, podr\u00e1 ser parte en<br>entornos de recursos humanos, planificaci\u00f3n organizacional, gesti\u00f3n y an\u00e1lisis de<br>proyectos. Tambi\u00e9n podr\u00e1 acogerse a ofertas laborales de agencias consultoras y\/u otras<br>organizaciones. La\/el t\u00e9cnica\/o en Administraci\u00f3n de PYMES podr\u00e1 ser parte de los<br>procesos de dinamizaci\u00f3n de los organismos p\u00fablicos del \u00e1mbito estatal y en los \u00e1mbitos<br>comunitarios desde una perspectiva territorial. Las funciones propias de la\/el T\u00e9cnica\/o en Administraci\u00f3n de PYMES podr\u00e1n<br>diferenciarse de los distintos funcionarios seg\u00fan los grados de decisi\u00f3n, autonom\u00eda,<br>responsabilidad, especificidad y la rutina de los roles que detenten en la organizaci\u00f3n.<\/p>\n","protected":false},"excerpt":{"rendered":"<p>Sector de actividad socio-productiva: Administraci\u00f3nFamilia profesional: Administraci\u00f3nVariante: DiversificadaModalidad: PresencialCarga horaria de cursado: 1824 Horas PERFIL PROFESIONAL Alcance del Perfil ProfesionalLa\/El T\u00e9cnica\/o Superior en Administraci\u00f3n de PYMES estar\u00e1 capacitada\/o paradesarrollar procesos t\u00e9cnico espec\u00edficos en planeamiento, organizaci\u00f3n, gesti\u00f3n, y controlde los sistemas y \u00e1reas comerciales, operacionales de producci\u00f3n, econ\u00f3micofinancieras, de recursos humanos, sistemas de informaci\u00f3n y sistemas &#8230; <a title=\"TECNICATURA SUPERIOR EN ADMINISTRACI\u00d3N DE PYMES\" class=\"read-more\" href=\"https:\/\/isfdyt126-bue.infd.edu.ar\/sitio\/tecnicatura-superior-en-administracion-de-pymes\/\" aria-label=\"More on TECNICATURA SUPERIOR EN ADMINISTRACI\u00d3N DE PYMES\">[+]<\/a><\/p>\n","protected":false},"author":43,"featured_media":0,"parent":0,"menu_order":0,"comment_status":"closed","ping_status":"closed","template":"","meta":[],"acf":[],"_links":{"self":[{"href":"https:\/\/isfdyt126-bue.infd.edu.ar\/sitio\/wp-json\/wp\/v2\/pages\/1347"}],"collection":[{"href":"https:\/\/isfdyt126-bue.infd.edu.ar\/sitio\/wp-json\/wp\/v2\/pages"}],"about":[{"href":"https:\/\/isfdyt126-bue.infd.edu.ar\/sitio\/wp-json\/wp\/v2\/types\/page"}],"author":[{"embeddable":true,"href":"https:\/\/isfdyt126-bue.infd.edu.ar\/sitio\/wp-json\/wp\/v2\/users\/43"}],"replies":[{"embeddable":true,"href":"https:\/\/isfdyt126-bue.infd.edu.ar\/sitio\/wp-json\/wp\/v2\/comments?post=1347"}],"version-history":[{"count":1,"href":"https:\/\/isfdyt126-bue.infd.edu.ar\/sitio\/wp-json\/wp\/v2\/pages\/1347\/revisions"}],"predecessor-version":[{"id":1350,"href":"https:\/\/isfdyt126-bue.infd.edu.ar\/sitio\/wp-json\/wp\/v2\/pages\/1347\/revisions\/1350"}],"wp:attachment":[{"href":"https:\/\/isfdyt126-bue.infd.edu.ar\/sitio\/wp-json\/wp\/v2\/media?parent=1347"}],"curies":[{"name":"wp","href":"https:\/\/api.w.org\/{rel}","templated":true}]}}